ase 4) in base 8?
-53
What is -10 (base 9) in base 6?
-13
Convert 301 (base 4) to base 14.
37
What is 50 (base 9) in base 11?
41
Convert 3 (base 6) to base 9.
3
0 (base 7) to base 11
0
Convert -4 (base 7) to base 11.
-4
What is -1010 (base 3) in base 2?
-11110
Convert -13 (base 4) to base 8.
-7
Convert -33 (base 7) to base 16.
-18
What is 10 (base 3) in base 15?
3
What is -13 (base 11) in base 14?
-10
14 (base 14) to base 2
10010
6 (base 15) to base 2
110
What is 43 (base 5) in base 11?
21
What is 200 (base 9) in base 13?
c6
Convert 6 (base 14) to base 13.
6
What is -21 (base 7) in base 13?
-12
Convert 1001 (base 4) to base 10.
65
Convert 1 (base 8) to base 16.
1
What is -1 (base 11) in base 4?
-1
What is -5 (base 10) in base 5?
-10
4e (base 16) to base 15
53
What is -123 (base 7) in base 3?
-2110
Convert 4 (base 11) to base 16.
4
Convert -1 (base 5) to base 12.
-1
Convert -15 (base 10) to base 11.
-14
What is -3 (base 13) in base 14?
-3
What is -54 (base 7) in base 8?
-47
57 (base 8) to base 2
101111
What is 6 (base 15) in base 13?
6
Convert -12 (base 7) to base 6.
-13
2 (base 11) to base 12
2
What is -1 (base 14) in base 15?
-1
What is 4 (base 6) in base 7?
4
What is 162 (base 9) in base 8?
211
29 (base 12) to base 2
100001
What is 4 (base 14) in base 13?
4
-10 (base 6) to base 9
-6
3 (base 7) to base 4
3
-5 (base 10) to base 6
-5
-2 (base 7) to base 6
-2
Convert -40 (base 5) to base 2.
-10100
55 (base 11) to base 14
44
-1 (base 8) to base 16
-1
What is 15 (base 7) in base 12?
10
5 (base 9) to base 4
11
Convert 14 (base 11) to base 3.
120
What is 1001 (base 2) in base 7?
12
Convert 1 (base 4) to base 3.
1
Convert 14 (base 12) to base 5.
31
22 (base 3) to base 2
1000
-117 (base 12) to base 16
-a3
What is -20001 (base 3) in base 12?
-117
11 (base 11) to base 5
22
Convert -1c (base 14) to base 10.
-26
4 (base 13) to base 6
4
What is 100 (base 8) in base 5?
224
What is -3 (base 7) in base 3?
-10
What is -76 (base 15) in base 7?
-216
11 (base 9) to base 6
14
-12 (base 5) to base 10
-7
Convert 4 (base 16) to base 6.
4
Convert -7 (base 12) to base 2.
-111
What is -3 (base 7) in base 14?
-3
10 (base 9) to base 11
9
-100 (base 4) to base 12
-14
What is -2 (base 14) in base 6?
-2
Convert 8 (base 12) to base 5.
13
c3 (base 13) to base 11
135
-67 (base 16) to base 15
-6d
-2 (base 8) to base 14
-2
What is -c (base 13) in base 5?
-22
What is 9 (base 10) in base 4?
21
Convert -23 (base 8) to base 12.
-17
What is -31 (base 12) in base 9?
-41
Convert a (base 14) to base 10.
10
What is 10320 (base 4) in base 10?
312
Convert 120 (base 8) to base 2.
1010000
Convert -3 (base 11) to base 10.
-3
What is 102 (base 4) in base 14?
14
Convert 0 (base 5) to base 4.
0
Convert 0 (base 6) to base 16.
0
-101011 (base 2) to base 8
-53
What is 61 (base 14) in base 5?
320
200 (base 4) to base 9
35
What is 0 (base 7) in base 14?
0
7 (base 10) to base 7
10
What is 7 (base 12) in base 9?
7
What is 0 (base 6) in base 2?
0
Convert 3 (base 14) to base 16.
3
-1 (base 5) to base 2
-1
Convert -2d (base 16) to base 12.
-39
What is 26 (base 10) in base 11?
24
Convert 54 (base 15) to base 10.
79
Convert -49 (base 10) to base 6.
-121
Convert 51 (base 11) to base 2.
111000
What is -21 (base 4) in base 16?
-9
What is 2 (base 13) in base 11?
2
51 (base 6) to base 4
133
Convert 100 (base 5) to base 6.
41
Convert -146 (base 7) to base 15.
-58
Convert 6 (base 7) to base 11.
6
What is 5d (base 16) in base 4?
1131
What is -64 (base 10) in base 5?
-224
8 (base 16) to base 12
8
-7 (base 8) to base 2
-111
-2 (base 10) to base 4
-2
What is 0 (base 12) in base 8?
0
Convert 126 (base 13) to base 15.
d6
-2 (base 6) to base 11
-2
4 (base 11) to base 13
4
What is 0 (base 12) in base 5?
0
Convert 12 (base 4) to base 10.
6
Convert -45 (base 7) to base 10.
-33
What is 22 (base 4) in base 12?
a
Convert -a9 (base 13) to base 14.
-9d
What is c (base 16) in base 4?
30
Convert -16 (base 9) to base 4.
-33
Convert 4 (base 15) to base 7.
4
24 (base 12) to base 13
22
What is -11 (base 6) in base 7?
-10
12021 (base 3) to base 5
1032
-11 (base 9) to base 3
-101
Convert 1a (base 15) to base 5.
100
What is 14 (base 11) in base 16?
f
Convert -1 (base 11) to base 12.
-1
What is -9 (base 15) in base 5?
-14
Convert -113 (base 8) to base 15.
-50
Convert -30 (base 5) to base 7.
-21
What is -9 (base 10) in base 15?
-9
What is -3 (base 8) in base 10?
-3
What is 60 (base 8) in base 6?
120
What is -17 (base 15) in base 7?
-31
Convert 34 (base 9) to base 6.
51
Convert -3 (base 13) to base 5.
-3
Convert -127 (base 10) to base 7.
-241
What is -110 (base 3) in base 4?
-30
2 (base 13) to base 5
2
What is -2 (base 13) in base 5?
-2
What is 113 (base 10) in base 3?
11012
Convert 2 (base 16) to base 13.
2
What is a (base 12) in base 7?
13
Convert a2 (base 14) to base 13.
ac
Convert -13 (base 11) to base 7.
-20
Convert 0 (base 6) to base 7.
0
Convert -42 (base 11) to base 16.
-2e
Convert 6 (base 16) to base 11.
6
Convert 220 (base 6) to base 15.
59
What is 56 (base 13) in base 7?
131
Convert -ca (base 14) to base 2.
-10110010
-101 (base 2) to base 9
-5
What is 17 (base 9) in base 8?
20
-1 (base 15) to base 11
-1
What is 11000 (base 2) in base 16?
18
3 (base 9) to base 11
3
-6 (base 9) to base 7
-6
What is 5 (base 12) in base 14?
5
Convert -5 (base 12) to base 16.
-5
What is -1 (base 16) in base 5?
-1
Convert 1052 (base 6) to base 9.
305
Convert 141 (base 5) to base 13.
37
What is -1 (base 5) in base 13?
-1
What is 100 (base 2) in base 7?
4
Convert -d5 (base 16) to base 14.
-113
What is -9a (base 12) in base 4?
-1312
What is 1 (base 10) in base 6?
1
2 (base 6) to base 9
2
Convert -10 (base 15) to base 3.
-120
-121 (base 3) to base 13
-13
-2020 (base 3) to base 16
-3c
-14 (base 13) to base 2
-10001
-20 (base 6) to base 16
-c
-a (base 11) to base 13
-a
What is -62 (base 13) in base 16?
-50
Convert 135 (base 10) to base 6.
343
Convert 2 (base 13) to base 2.
10
What is 89 (base 10) in base 7?
155
-5 (base 9) to base 15
-5
Convert -22 (base 3) to base 15.
-8
Convert -15 (base 12) to base 2.
-10001
2 (base 6) to base 3
2
3 (base 10) to base 3
10
What is 10 (base 2) in base 7?
2
What is 14 (base 6) in base 3?
101
What is 1 (base 9) in base 10?
1
-1 (base 2) to base 4
-1
Convert -2 (base 15) to base 3.
-2
-12022 (base 3) to base 7
-263
12 (base 3) to base 14
5
Convert 1004 (base 5) to base 4.
2001
What is 11011000 (base 2) in base 9?
260
What is 321 (base 5) in base 10?
86
What is 561 (base 7) in base 6?
1200
What is 14 (base 5) in base 6?
13
Convert 11 (base 6) to base 8.
7
What is 1001 (base 2) in base 3?
100
What is -10 (base 5) in base 16?
-5
0 (base 10) to base 16
0
What is -143 (base 6) in base 4?
-333
Convert -20 (base 9) to base 5.
-33
6 (base 8) to base 14
6
Convert b (base 13) to base 14.
b
Convert -13 (base 4) to base 11.
-7
121 (base 4) to base 12
21
-2 (base 7) to base 9
-2
Convert 3 (base 15) to base 3.
10
21 (base 4) to base 14
9
What is 14 (base 6) in base 16?
a
Convert 1 (base 16) to base 9.
1
What is -23 (base 12) in base 9?
-30
-11 (base 10) to base 4
-23
What is -2 (base 12) in base 10?
-2
Convert -5 (base 15) to base 3.
-12
-212 (base 6) to base 8
-120
0 (base 3) to base 11
0
-6 (base 8) to base 6
-10
What is -230 (base 5) in base 12?
-55
Convert 122 (base 7) to base 4.
1001
Convert 1 (base 14) to base 2.
1
What is 0 (base 16) in base 3?
0
1 (base 6) to base 12
1
What is 22 (base 10) in base 6?
34
What is 200 (base 5) in base 9?
55
What is 2 (base 12) in base 5?
2
What is -1221 (base 3) in base 8?
-64
1000 (base 2) to base 8
10
142 (base 5) to base 15
32
Convert 33 (base 11) to base 12.
30
3 (base 5) to base 6
3
-3 (base 14) to base 8
-3
What is -1 (base 13) in base 8?
-1
-202 (base 5) to base 8
-64
-12 (base 4) to base 12
-6
1c (base 16) to base 4
130
-46 (base 11) to base 4
-302
What is -48 (base 16) in base 11?
-66
Convert 22 (base 6) to base 15.
e
What is -65 (base 8) in base 15?
-38
-9 (base 11) to base 8
-11
What is -16 (base 8) in base 16?
-e
0 (base 6) to base 8
0
Convert -23 (base 13) to base 7.
-41
23 (base 4) to base 14
b
Convert -4 (base 7) to base 2.
-100
What is -7 (base 12) in base 2?
-111
10 (base 13) to base 15
d
What is 320 (base 5) in base 9?
104
Convert -13 (base 13) to base 8.
-20
Convert b (base 14) t